ed by 13836?
19
What is the remainder when 30893413 is divided by 99?
67
What is the remainder when 154778 is divided by 201?
8
Calculate the remainder when 11994259 is divided by 90.
49
Calculate the remainder when 25599078 is divided by 215118.
36
Calculate the remainder when 755154 is divided by 591.
447
Calculate the remainder when 11099 is divided by 6346.
4753
Calculate the remainder when 9701 is divided by 9534.
167
What is the remainder when 69493 is divided by 34646?
201
Calculate the remainder when 1804322 is divided by 359.
347
What is the remainder when 984008 is divided by 140515?
403
Calculate the remainder when 83260215 is divided by 1632553.
12
Calculate the remainder when 5633319 is divided by 1085.
1084
Calculate the remainder when 1259090 is divided by 44964.
98
What is the remainder when 2261830 is divided by 1336?
1318
Calculate the remainder when 3881357 is divided by 171.
170
Calculate the remainder when 477145 is divided by 95411.
90
What is the remainder when 19064335 is divided by 3?
1
Calculate the remainder when 5554384 is divided by 793474.
66
What is the remainder when 2810636 is divided by 49309?
23
Calculate the remainder when 2340496 is divided by 310.
306
What is the remainder when 308528 is divided by 1566?
26
Calculate the remainder when 278127 is divided by 9933.
3
What is the remainder when 209916954 is divided by 2490?
2484
Calculate the remainder when 13781 is divided by 4.
1
What is the remainder when 826983 is divided by 275607?
162
What is the remainder when 999416 is divided by 249852?
8
Calculate the remainder when 176705 is divided by 3686.
3463
Calculate the remainder when 61924 is divided by 30768.
388
Calculate the remainder when 42379 is divided by 3910.
3279
What is the remainder when 1556934 is divided by 94?
12
What is the remainder when 26923156 is divided by 13828?
40
Calculate the remainder when 4090927 is divided by 455.
22
Calculate the remainder when 12140401 is divided by 158.
155
What is the remainder when 414510 is divided by 21816?
6
What is the remainder when 380098 is divided by 618?
28
What is the remainder when 34778484 is divided by 38?
10
Calculate the remainder when 1618296 is divided by 143.
108
Calculate the remainder when 3435503 is divided by 4289.
14
What is the remainder when 18682 is divided by 2477?
1343
What is the remainder when 7813914 is divided by 206?
128
Calculate the remainder when 278022 is divided by 92030.
1932
What is the remainder when 430315589 is divided by 110?
99
Calculate the remainder when 389988 is divided by 670.
48
Calculate the remainder when 9987 is divided by 2926.
1209
What is the remainder when 310777 is divided by 363?
49
What is the remainder when 383662 is divided by 110?
92
Calculate the remainder when 2354177 is divided by 784697.
86
What is the remainder when 9494431 is divided by 62?
61
Calculate the remainder when 45336 is divided by 22665.
6
What is the remainder when 221726072 is divided by 12?
8
What is the remainder when 573409 is divided by 418?
331
Calculate the remainder when 1592971550 is divided by 7487.
7482
Calculate the remainder when 47181 is divided by 2065.
1751
What is the remainder when 268641 is divided by 4203?
3852
Calculate the remainder when 2153972 is divided by 1219.
1218
What is the remainder when 8746629 is divided by 20?
9
What is the remainder when 104045 is divided by 52002?
41
What is the remainder when 5292653 is divided by 16?
13
Calculate the remainder when 2750392 is divided by 2523.
322
What is the remainder when 1124286 is divided by 53?
50
Calculate the remainder when 20181090 is divided by 10090527.
36
Calculate the remainder when 33508198 is divided by 153.
127
What is the remainder when 1277117 is divided by 89?
56
What is the remainder when 343774 is divided by 57285?
64
Calculate the remainder when 1294052 is divided by 436.
4
What is the remainder when 28833 is divided by 5381?
1928
What is the remainder when 4089951 is divided by 736?
735
What is the remainder when 84800534 is divided by 110?
104
Calculate the remainder when 871271 is divided by 476.
191
What is the remainder when 119823057 is divided by 217?
214
What is the remainder when 12613 is divided by 1016?
421
Calculate the remainder when 587082 is divided by 587010.
72
What is the remainder when 141445202 is divided by 55?
52
What is the remainder when 79729 is divided by 37?
31
Calculate the remainder when 3998501 is divided by 1159.
1110
Calculate the remainder when 264669407 is divided by 3.
2
Calculate the remainder when 14970033 is divided by 935613.
225
What is the remainder when 594649 is divided by 2244?
2233
Calculate the remainder when 2046808 is divided by 1023378.
52
Calculate the remainder when 2794236 is divided by 164.
4
What is the remainder when 10847491 is divided by 374051?
12
Calculate the remainder when 10990066 is divided by 55.
21
What is the remainder when 14434351 is divided by 34?
25
What is the remainder when 14316060 is divided by 1193004?
12
What is the remainder when 636959 is divided by 188?
15
What is the remainder when 3331751 is divided by 1665834?
83
Calculate the remainder when 13552762 is divided by 2258789.
28
What is the remainder when 3908417 is divided by 10480?
9857
What is the remainder when 36845 is divided by 1052?
25
What is the remainder when 102747838 is divided by 520?
518
Calculate the remainder when 3633873 is divided by 186.
177
Calculate the remainder when 64562454 is divided by 29.
15
What is the remainder when 273884220 is divided by 13?
12
What is the remainder when 949022 is divided by 202?
26
Calculate the remainder when 95945 is divided by 4790.
145
Calculate the remainder when 45071 is divided by 45068.
3
Calculate the remainder when 18285761 is divided by 849.
848
Calculate the remainder when 3701265 is divided by 1233754.
3
Calculate the remainder when 4034174 is divided by 154.
144
Calculate the remainder when 174633 is divided by 3123.
2868
What is the remainder when 594239 is divided by 1565?
1104
Calculate the remainder when 179917 is divided by 89869.
179
What is the remainder when 14342588 is divided by 14342571?
17
Calculate the remainder when 170011 is divided by 28321.
85
Calculate the remainder when 78889 is divided by 78885.
4
What is the remainder when 81678 is divided by 68?
10
Calculate the remainder when 90814 is divided by 45107.
600
Calculate the remainder when 274176 is divided by 4218.
6
What is the remainder when 22981604 is divided by 172?
168
Calculate the remainder when 6430218 is divided by 1818.
1770
What is the remainder when 92445003 is divided by 6163?
3
What is the remainder when 310243981 is divided by 993?
991
Calculate the remainder when 164579 is divided by 133.
58
What is the remainder when 266178 is divided by 265976?
202
Calculate the remainder when 14261158 is divided by 21.
16
Calculate the remainder when 415109 is divided by 207462.
185
Calculate the remainder when 5178596 is divided by 2589293.
10
What is the remainder when 9977638 is divided by 179?
178
Calculate the remainder when 181989 is divided by 4663.
132
What is the remainder when 7445040 is divided by 22?
20
Calculate the remainder when 55382293 is divided by 397.
396
What is the remainder when 5255832 is divided by 1751936?
24
Calculate the remainder when 7788214 is divided by 967.
963
Calculate the remainder when 1813430 is divided by 1082.
1080
Calculate the remainder when 41219765 is divided by 349320.
5
Calculate the remainder when 12318854 is divided by 535598.
100
Calculate the remainder when 12329410 is divided by 2968.
338
What is the remainder when 4974473 is divided by 4797?
4781
Calculate the remainder when 19083801 is divided by 1428.
9
What is the remainder when 16435185 is divided by 1331?
1328
Calculate the remainder when 18301068 is divided by 89.
87
What is the remainder when 187278965 is divided by 62426316?
17
Calculate the remainder when 13745827 is divided by 107389.
35
Calculate the remainder when 70334475 is divided by 145.
50
Calculate the remainder when 114245 is divided by 2228.
617
What is the remainder when 1508391813 is divided by 1121?
1117
What is the remainder when 446106 is divided by 291?
3
What is the remainder when 158360927 is 